{"id":481,"date":"2025-10-02T13:45:36","date_gmt":"2025-10-02T13:45:36","guid":{"rendered":"https:\/\/nevi-evy.eu\/web\/?page_id=481"},"modified":"2025-10-02T13:54:47","modified_gmt":"2025-10-02T13:54:47","slug":"survey-defining-the-readiness-of-a-young-person-with-disabilities-to-start-cooperation-with-the-job-crafter","status":"publish","type":"page","link":"https:\/\/nevi-evy.eu\/web\/survey-defining-the-readiness-of-a-young-person-with-disabilities-to-start-cooperation-with-the-job-crafter\/","title":{"rendered":"Survey defining the readiness of a young person with disabilities to start cooperation with the job crafter"},"content":{"rendered":"<body>\n\n\n<h3><strong><\/strong><\/h3><p><span style=\"font-size:medium;\"><h3><strong style=\"color: rgb(0, 0, 0);\"><span style=\"color:#002966;\">Questionnaire: Defining the readiness of a young person with disabilities to start cooperation with the job crafter<br><\/span><br><\/strong><\/h3>\n<a href=\"https:\/\/nevi-evy.eu\/web\/wp-content\/uploads\/2025\/10\/Readiness-Assesment-Questionnaire.pdf\"><\/a><\/span><span style=\"color:#002966;\"><a href=\"https:\/\/nevi-evy.eu\/web\/wp-content\/uploads\/2025\/10\/Readiness-Assesment-Questionnaire.pdf\"><img decoding=\"async\" class=\"alignnone wp-image-409\" src=\"https:\/\/nevi-evy.eu\/web\/wp-content\/uploads\/2025\/07\/pdf_icon-300x300.png\" alt=\"\" width=\"15\" height=\"15\" loading=\"lazy\" srcset=\"https:\/\/nevi-evy.eu\/web\/wp-content\/uploads\/2025\/07\/pdf_icon-300x300.png 300w, https:\/\/nevi-evy.eu\/web\/wp-content\/uploads\/2025\/07\/pdf_icon-150x150.png 150w, https:\/\/nevi-evy.eu\/web\/wp-content\/uploads\/2025\/07\/pdf_icon.png 512w\" sizes=\"auto, (max-width: 15px) 100vw, 15px\"><\/a><a href=\"https:\/\/nevi-evy.eu\/web\/wp-content\/uploads\/2025\/10\/Readiness-Assesment-Questionnaire.pdf\"> <span style=\"color:#002966;\">Questionnaire: Defining the readiness of a young person with disabilities to start cooperation with the job crafter<\/span><\/a><\/span><a href=\"https:\/\/nevi-evy.eu\/web\/wp-content\/uploads\/2025\/10\/Readiness-Assesment-Questionnaire.pdf\"><\/a>\n<\/p>\n<p>\n<\/p>\n<p style=\"font-size: medium;\">As part of the NEETcraft Initiative: <em>Innovations for Empowering Youth with Disabilities<\/em>, our team has developed a special Readiness Assessment Questionnaire. This tool helps to evaluate whether young people with disabilities are prepared to take part in the job crafting process.<\/p>\n<p style=\"font-size: medium;\"> It focuses on motivation, independence, social skills, and readiness for professional change.\n<\/p>\n<p style=\"font-size: medium;\">\nThe questionnaire is based on Fundacja Aktywizacja\u2019s long-term experience in professional activation of people with disabilities, while also reflecting the specific needs of young NEETs. It is simple and transparent, providing results that clearly show a candidate\u2019s readiness level. Depending on the score, participants may be classified as highly ready, moderately ready, or in need of additional preparation.<\/p>\n<p style=\"font-size: medium;\">The tool is designed not only to support recruitment into the project, but also to guide further support activities. It ensures that job crafters can offer tailored assistance to each participant, helping them to explore career paths, build confidence, and enter the labour market.<\/p>\n<p style=\"font-size: medium;\">The questionnaire was created by the team from <a href=\"https:\/\/aktywizacja.org.pl\/\" style=\"color: rgb(255, 153, 0);\">Fundacja Aktywizacja<\/a> (Anna Gruszczy\u0144ska, Karolina Sielecka, Agnieszka Ja\u015bkiewicz-K\u0142osowska) in consultation with the <span style=\"color:#008a00;\"><a href=\"https:\/\/www.euryo.org\/\" style=\"color: rgb(0, 138, 0);\">European Rural Youth Observatory EURYO<\/a> <\/span>(Antonella Rocca, Tatiana Ferreira).<\/p>\n<p style=\"font-size: medium;\">Organisations wishing to use the questionnaire may adapt it to their needs and to the specific characteristics of the target group they work with.<\/p>\n<p>\n\n<span style=\"color:#002966;\"><a href=\"https:\/\/nevi-evy.eu\/web\/wp-content\/uploads\/2025\/10\/Readiness-Assesment-Questionnaire.pdf\"><img decoding=\"async\" class=\"alignnone wp-image-409\" src=\"https:\/\/nevi-evy.eu\/web\/wp-content\/uploads\/2025\/07\/pdf_icon-300x300.png\" alt=\"\" width=\"15\" height=\"15\" loading=\"lazy\" srcset=\"https:\/\/nevi-evy.eu\/web\/wp-content\/uploads\/2025\/07\/pdf_icon-300x300.png 300w, https:\/\/nevi-evy.eu\/web\/wp-content\/uploads\/2025\/07\/pdf_icon-150x150.png 150w, https:\/\/nevi-evy.eu\/web\/wp-content\/uploads\/2025\/07\/pdf_icon.png 512w\" sizes=\"auto, (max-width: 15px) 100vw, 15px\"><\/a><a href=\"https:\/\/nevi-evy.eu\/web\/wp-content\/uploads\/2025\/10\/Readiness-Assesment-Questionnaire.pdf\"> <span style=\"color:#002966;\">Questionnaire: Defining the readiness of a young person with disabilities to start cooperation with the job crafter<\/span><\/a><\/span><a href=\"https:\/\/nevi-evy.eu\/web\/wp-content\/uploads\/2025\/10\/Readiness-Assesment-Questionnaire.pdf\"><\/a><\/p>\n\n\n<\/body>","protected":false},"excerpt":{"rendered":"","protected":false},"author":1,"featured_media":0,"parent":0,"menu_order":0,"comment_status":"closed","ping_status":"closed","template":"","meta":{"om_disable_all_campaigns":false,"pagelayer_contact_templates":[],"_pagelayer_content":"","footnotes":""},"class_list":["post-481","page","type-page","status-publish","hentry"],"_links":{"self":[{"href":"https:\/\/nevi-evy.eu\/web\/wp-json\/wp\/v2\/pages\/481","targetHints":{"allow":["GET"]}}],"collection":[{"href":"https:\/\/nevi-evy.eu\/web\/wp-json\/wp\/v2\/pages"}],"about":[{"href":"https:\/\/nevi-evy.eu\/web\/wp-json\/wp\/v2\/types\/page"}],"author":[{"embeddable":true,"href":"https:\/\/nevi-evy.eu\/web\/wp-json\/wp\/v2\/users\/1"}],"replies":[{"embeddable":true,"href":"https:\/\/nevi-evy.eu\/web\/wp-json\/wp\/v2\/comments?post=481"}],"version-history":[{"count":5,"href":"https:\/\/nevi-evy.eu\/web\/wp-json\/wp\/v2\/pages\/481\/revisions"}],"predecessor-version":[{"id":492,"href":"https:\/\/nevi-evy.eu\/web\/wp-json\/wp\/v2\/pages\/481\/revisions\/492"}],"wp:attachment":[{"href":"https:\/\/nevi-evy.eu\/web\/wp-json\/wp\/v2\/media?parent=481"}],"curies":[{"name":"wp","href":"https:\/\/api.w.org\/{rel}","templated":true}]}}

<body>


<h3><strong></strong></h3><p><span style="font-size:medium;"><h3><strong style="color: rgb(0, 0, 0);"><span style="color:#002966;">Questionnaire: Defining the readiness of a young person with disabilities to start cooperation with the job crafter<br></span><br></strong></h3>
<a href="https://nevi-evy.eu/web/wp-content/uploads/2025/10/Readiness-Assesment-Questionnaire.pdf"></a></span><span style="color:#002966;"><a href="https://nevi-evy.eu/web/wp-content/uploads/2025/10/Readiness-Assesment-Questionnaire.pdf"><img decoding="async" class="alignnone wp-image-409" src="https://nevi-evy.eu/web/wp-content/uploads/2025/07/pdf_icon-300x300.png" alt="" width="15" height="15" loading="lazy" srcset="https://nevi-evy.eu/web/wp-content/uploads/2025/07/pdf_icon-300x300.png 300w, https://nevi-evy.eu/web/wp-content/uploads/2025/07/pdf_icon-150x150.png 150w, https://nevi-evy.eu/web/wp-content/uploads/2025/07/pdf_icon.png 512w" sizes="auto, (max-width: 15px) 100vw, 15px"></a><a href="https://nevi-evy.eu/web/wp-content/uploads/2025/10/Readiness-Assesment-Questionnaire.pdf"> <span style="color:#002966;">Questionnaire: Defining the readiness of a young person with disabilities to start cooperation with the job crafter</span></a></span><a href="https://nevi-evy.eu/web/wp-content/uploads/2025/10/Readiness-Assesment-Questionnaire.pdf"></a>
</p>
<p>
</p>
<p style="font-size: medium;">As part of the NEETcraft Initiative: <em>Innovations for Empowering Youth with Disabilities</em>, our team has developed a special Readiness Assessment Questionnaire. This tool helps to evaluate whether young people with disabilities are prepared to take part in the job crafting process.</p>
<p style="font-size: medium;"> It focuses on motivation, independence, social skills, and readiness for professional change.
</p>
<p style="font-size: medium;">
The questionnaire is based on Fundacja Aktywizacja’s long-term experience in professional activation of people with disabilities, while also reflecting the specific needs of young NEETs. It is simple and transparent, providing results that clearly show a candidate’s readiness level. Depending on the score, participants may be classified as highly ready, moderately ready, or in need of additional preparation.</p>
<p style="font-size: medium;">The tool is designed not only to support recruitment into the project, but also to guide further support activities. It ensures that job crafters can offer tailored assistance to each participant, helping them to explore career paths, build confidence, and enter the labour market.</p>
<p style="font-size: medium;">The questionnaire was created by the team from <a href="https://aktywizacja.org.pl/" style="color: rgb(255, 153, 0);">Fundacja Aktywizacja</a> (Anna Gruszczyńska, Karolina Sielecka, Agnieszka Jaśkiewicz-Kłosowska) in consultation with the <span style="color:#008a00;"><a href="https://www.euryo.org/" style="color: rgb(0, 138, 0);">European Rural Youth Observatory EURYO</a> </span>(Antonella Rocca, Tatiana Ferreira).</p>
<p style="font-size: medium;">Organisations wishing to use the questionnaire may adapt it to their needs and to the specific characteristics of the target group they work with.</p>
<p>

<span style="color:#002966;"><a href="https://nevi-evy.eu/web/wp-content/uploads/2025/10/Readiness-Assesment-Questionnaire.pdf"><img decoding="async" class="alignnone wp-image-409" src="https://nevi-evy.eu/web/wp-content/uploads/2025/07/pdf_icon-300x300.png" alt="" width="15" height="15" loading="lazy" srcset="https://nevi-evy.eu/web/wp-content/uploads/2025/07/pdf_icon-300x300.png 300w, https://nevi-evy.eu/web/wp-content/uploads/2025/07/pdf_icon-150x150.png 150w, https://nevi-evy.eu/web/wp-content/uploads/2025/07/pdf_icon.png 512w" sizes="auto, (max-width: 15px) 100vw, 15px"></a><a href="https://nevi-evy.eu/web/wp-content/uploads/2025/10/Readiness-Assesment-Questionnaire.pdf"> <span style="color:#002966;">Questionnaire: Defining the readiness of a young person with disabilities to start cooperation with the job crafter</span></a></span><a href="https://nevi-evy.eu/web/wp-content/uploads/2025/10/Readiness-Assesment-Questionnaire.pdf"></a></p>


</body>
